greatest common factor of 15 and v?
15
Suppose 0 = -13*c + 7*c + 180. Let r be 44/10 + 2/(-5). Suppose 0 = -p - 1 + 5, r*p = 2*m + 10. What is the greatest common factor of m and c?
3
Let u be (-25 + 610/25)*(-56 - -1). Let d be 3 - (-1080)/(15/5). Calculate the highest common factor of u and d.
33
Suppose 1342 = 51*f + 71*f. What is the greatest common factor of 64 and f?
1
Let d(r) = 89*r - 2064. Let b be d(24). Calculate the highest common divisor of 4104 and b.
72
Let t = 715 + -365. Suppose -72*c + 65*c + t = 0. What is the highest common divisor of 150 and c?
50
Let w(r) = r**3 - 24*r**2 + 58*r - 767. Let n be w(23). Calculate the highest common divisor of 304 and n.
38
Let p be -4 - (-3 - -9*1/(-3)). Suppose -5*t = p*c - 37 - 16, 115 = 5*c - 5*t. Let f = 39 + -15. What is the highest common divisor of f and c?
24
Let l be -2 + 2 + -1 + 48. Let d = -46 + l. Suppose -2*b + 0 = -4. What is the highest common factor of d and b?
1
Let u = 143 + -47. Let j = -1518 - -1530. What is the highest common factor of j and u?
12
Let b(i) = -5*i**2 + 313*i + 35. Let q be b(60). Calculate the highest common factor of q and 60.
5
Let c = -309 - -1416. What is the greatest common factor of c and 123?
123
Let z = 226 + -87. Let p(h) = 146 - 2*h**2 - h**3 + 4*h - z + 0*h**3. Let a be p(-3). What is the highest common divisor of 32 and a?
4
Let v be 17*12 - 1554/74. Calculate the highest common factor of 488 and v.
61
Let c(s) = -2*s**3 + s**2 + s + 2. Let j be c(-2). Suppose -68*p = -64*p - j. Let l be (26/p + -4)*10. What is the greatest common factor of 108 and l?
12
Suppose 35*s - 59*s - 9 = -25*s. What is the greatest common divisor of 369 and s?
9
Let d = -471 + 567. Suppose 977*v + d = 981*v. Calculate the greatest common divisor of v and 132.
12
Suppose -2*z - 413 = 5*s - 490, -3*s + 4*z = -41. Let l = -285 - -480. What is the highest common factor of l and s?
15
Suppose -41 = -2*f - 7. Suppose 16*g = f*g - 2. Let c be (-1)/((-4)/160) - g. Calculate the greatest common factor of c and 57.
19
Let u(s) = s**3 - 11*s**2 + 58*s - 128. Let v be u(5). Let h = 238 - 46. What is the highest common divisor of v and h?
12
Suppose 5 + 10 = 5*n. Suppose -3*c - 130 = -3*q - 4*c, n*c - 3 = 0. What is the highest common factor of q and 172?
43
Suppose 230 = 7*w - 8. What is the highest common divisor of 2686 and w?
34
Let r(j) = j**3 + 13*j**2 + 24*j - 4. Let k be r(-8). What is the greatest common divisor of 2914 and k?
62
Let a be -9 + (-63)/(-28)*20. Calculate the greatest common factor of a and 3204.
36
Let q = 850 - 970. Let h be -7 - -11 - 13/(39/q). What is the highest common divisor of h and 6?
2
Suppose -4204*l + 4360*l - 106860 = 0. What is the greatest common divisor of l and 5617?
137
Let p = -11607 + 17280. What is the greatest common divisor of 93 and p?
93
Let q = -16368 - -16389. Suppose 2*p + 2*p - 1596 = 0. What is the highest common factor of p and q?
21
Suppose -36*r = -38*r + 5*t + 261, -4*r = -t - 495. Calculate the greatest common factor of r and 7257.
123
Let c = 16736 - 16528. What is the highest common factor of 7306 and c?
26
Suppose 10*t = 9*t + 26. Suppose -t*u = -30*u. Suppose u = -40*n + 43*n - 99. Calculate the greatest common divisor of 33 and n.
33
Suppose 189 = 18*h + 9*h. Suppose 2*t + 3*d = h*t - 1051, 4*t - d - 845 = 0. What is the greatest common divisor of t and 159?
53
Let s = 4232 - 2403. Calculate the highest common divisor of s and 59.
59
Let c(h) = 8*h - 1. Let j be c(5). Let t = -26 + j. Let k(n) = n**3 + n**2 + 1. Let f be k(2). Calculate the highest common divisor of t and f.
13
Let h = -436 - -969. Let n(b) = -2*b**3 - 57*b**2 - 53*b - 659. Let o be n(-28). What is the highest common divisor of o and h?
41
Suppose -21*w + 147615 = -18705. Let q be (3 + 0)/(216/w). Calculate the greatest common divisor of 88 and q.
22
Suppose 144*w = -40*w + 903808. Calculate the highest common divisor of w and 16.
16
Suppose -160*h + 8950 = -6410. Calculate the greatest common factor of 816 and h.
48
Let j be ((3/4)/((-45)/80))/(2/(-252)). What is the highest common divisor of 714 and j?
42
Let a = 227 - 382. Let k = a - -192. Suppose 5*n - 55 - 130 = 0. Calculate the highest common divisor of k and n.
37
Let o(z) = -4*z**3 + 2*z - 5. Let k = 0 - -2. Suppose 2*y + 12*l + 16 = 15*l, -2 = -3*y - k*l. Let n be o(y). Calculate the highest common divisor of n and 69.
23
Let j be 47/(25897/(-38)) - 317*56/(-58). What is the highest common factor of j and 7191?
153
Let o be ((-40)/(-32) - 21/4)*(-4 + 3). What is the highest common factor of 632 and o?
4
Suppose 0 = -l - u + 3*u - 65, -4*l = -5*u + 275. Let k be (134/(-6))/(0 + 5/l). Let d be 2/(-5 - k/(-65)). Calculate the greatest common divisor of d and 65.
13
Let v = -68 + 5. Let l be (20/6)/((-14)/v). What is the highest common divisor of 3 and l?
3
Suppose 16*h - 1143 - 5305 = 0. Let g = h - 402. Calculate the greatest common divisor of 8 and g.
1
Let t = 339 - 337. Suppose 0 = -h - 2*q + 158, t*h + 0*q - 319 = -5*q. What is the highest common factor of h and 114?
38
Let t be 2/10 - (-16695)/(-225). Let v be (68/(-10))/(t/1295). Let h = 36 - 19. What is the greatest common factor of h and v?
17
Suppose -244*q + 872 + 4008 = 0. Suppose 0 = -2*j - 0*j + 760. Calculate the greatest common factor of j and q.
20
Suppose -3*y = -22 - 11. Suppose -c = -y*c + 1250. Calculate the greatest common divisor of 5 and c.
5
Let l(d) = -5*d - 7*d - 7*d + 9*d - 34 + d. Let h be l(-26). What is the greatest common divisor of h and 75?
25
Let u be 54/(-4)*(-24)/(-9). Let p = 376 + u. Calculate the greatest common factor of p and 272.
68
Let g = -199 - -201. Suppose -617 = g*l - 829. Calculate the highest common divisor of 689 and l.
53
Suppose -2*l + 12 = 3*l - 58. Suppose 0 = -5*x - 214 + 1019. Calculate the highest common factor of l and x.
7
Suppose 2*x - 8 = -5*m, 0 = -0*x - 5*x - 2*m - 1. Let v(c) = -37*c**3 - c**2 - 2*c. Let t be v(x). Calculate the highest common divisor of t and 57.
19
Suppose 15787 + 1774 = 5*j - p, -5*j - 2*p = -17588. What is the greatest common factor of 70 and j?
14
Let d = -339 + 656. Let u = d + -164. Suppose -5*p = -36 - 49. What is the highest common divisor of u and p?
17
Let z be (-1)/2 - 7/(-2). Suppose -97 = -z*v - 2*m, -v = v + 2*m - 62. Suppose 5 = 4*f - v. Calculate the highest common divisor of 10 and f.
10
Let d = -10611 - -11300. What is the highest common divisor of d and 3?
1
Let f be (-2)/5*1*-25. Let z be ((-39)/(-26) + -11)*(-1 - 137). Suppose -z = -40*s + 2689. Calculate the highest common factor of f and s.
10
Let m(n) = -19*n - 6. Let o be m(-4). Let x(p) = -5*p - 30. Let f be 15/12*-6 - (-3)/(-6). Let r be x(f). What is the highest common factor of o and r?
10
Let g = -155 - -160. Let v = g + -3. Suppose o + 32 = 3*o. What is the highest common factor of v and o?
2
Let f = 28 + 226. Calculate the greatest common divisor of f and 4.
2
Let m = 58 - 55. Suppose -2 = -m*d - 2. Suppose d = c - 130 + 13. Calculate the greatest common divisor of 13 and c.
13
Suppose -232 = -5*v + 4*b, -3*v + 4*b - 15 = -159. Calculate the highest common divisor of v and 1474.
22
Suppose -97*i + 14842 = 5*x - 98*i, i = 2*x - 5941. What is the highest common divisor of x and 207?
69
Let i(z) = z**2 - 3*z + 1. Let p be i(4). Suppose -16 = p*o - 126. Let d = -177131 + 177329. What is the greatest common factor of d and o?
22
Suppose 2*r + i = -3*r + 243, -198 = -4*r - 2*i. Let w = 10757 + -10693. Calculate the highest common factor of w and r.
16
Let f(w) = 2*w**3 + 12*w**2 - 6*w + 6. Let q be f(-6). Let m(t) = 60*t - 3969. Let c be m(70). What is the highest common factor of q and c?
21
Let t = -319 - -340. Let b(f) = 90*f + 464. Let p be b(-5). What is the greatest common factor of p and t?
7
Suppose 0 = -1802*z + 1803*z - 2*i - 3735, 4*z = -2*i + 14940. What is the highest common factor of 5 and z?
5
Let a(c) = c**3 + 19*c**2 + 17*c - 13. Let o be a(-18). Suppose 2*x + 165 = -3*z + 440, -10 = o*x. Calculate the highest common factor of z and 3.
3
Let t be (14 - 888/18)/((-6)/9). What is the greatest common factor of t and 371?
53
Let o(l) = -l**3 + 42*l**2 + 25*l - 581. Let d be o(28). What is the highest common factor of d and 35?
35
Let x(t) = 594*t**2 - 76*t - 211. Let